{"id":2,"date":"2024-11-27T20:26:54","date_gmt":"2024-11-27T20:26:54","guid":{"rendered":"http:\/\/_\/?page_id=2"},"modified":"2024-12-03T15:06:28","modified_gmt":"2024-12-03T15:06:28","slug":"sample-page","status":"publish","type":"page","link":"https:\/\/hallorokland.com\/","title":{"rendered":"SJ\u00c1UMST! lj\u00f3s"},"content":{"rendered":"<div class=\"woocommerce\">\t\t\t<div class=\"single-product\" data-product-page-preselected-id=\"0\">\n\t\t\t\t<div class=\"woocommerce-notices-wrapper\"><\/div><div id=\"product-24\" class=\"product type-product post-24 status-publish first instock product_cat-utivist has-post-thumbnail taxable shipping-taxable purchasable product-type-simple\">\n\n\t<div class=\"woocommerce-product-gallery woocommerce-product-gallery--with-images woocommerce-product-gallery--columns-4 images\" data-columns=\"4\" style=\"opacity: 0; transition: opacity .25s ease-in-out;\">\n\t<div class=\"woocommerce-product-gallery__wrapper\">\n\t\t<div data-thumb=\"https:\/\/hallorokland.com\/wp-content\/uploads\/2024\/11\/Sjaumst_skor1-scaled-100x100.jpg\" data-thumb-alt=\"Fj\u00f6lnota lj\u00f3s \u00ed \u00fativist\" data-thumb-srcset=\"https:\/\/hallorokland.com\/wp-content\/uploads\/2024\/11\/Sjaumst_skor1-scaled-100x100.jpg 100w, https:\/\/hallorokland.com\/wp-content\/uploads\/2024\/11\/Sjaumst_skor1-scaled-300x300.jpg 300w, https:\/\/hallorokland.com\/wp-content\/uploads\/2024\/11\/Sjaumst_skor1-150x150.jpg 150w\"  data-thumb-sizes=\"(max-width: 100px) 100vw, 100px\" class=\"woocommerce-product-gallery__image\"><a href=\"https:\/\/hallorokland.com\/wp-content\/uploads\/2024\/11\/Sjaumst_skor1-scaled.jpg\"><img loading=\"lazy\" decoding=\"async\" width=\"600\" height=\"481\" src=\"https:\/\/hallorokland.com\/wp-content\/uploads\/2024\/11\/Sjaumst_skor1-scaled-600x481.jpg\" class=\"wp-post-image\" alt=\"Fj\u00f6lnota lj\u00f3s \u00ed \u00fativist\" data-caption=\"\" data-src=\"https:\/\/hallorokland.com\/wp-content\/uploads\/2024\/11\/Sjaumst_skor1-scaled.jpg\" data-large_image=\"https:\/\/hallorokland.com\/wp-content\/uploads\/2024\/11\/Sjaumst_skor1-scaled.jpg\" data-large_image_width=\"2560\" data-large_image_height=\"2051\" srcset=\"https:\/\/hallorokland.com\/wp-content\/uploads\/2024\/11\/Sjaumst_skor1-scaled-600x481.jpg 600w, https:\/\/hallorokland.com\/wp-content\/uploads\/2024\/11\/Sjaumst_skor1-300x240.jpg 300w, https:\/\/hallorokland.com\/wp-content\/uploads\/2024\/11\/Sjaumst_skor1-1024x821.jpg 1024w, https:\/\/hallorokland.com\/wp-content\/uploads\/2024\/11\/Sjaumst_skor1-768x615.jpg 768w, https:\/\/hallorokland.com\/wp-content\/uploads\/2024\/11\/Sjaumst_skor1-1536x1231.jpg 1536w, https:\/\/hallorokland.com\/wp-content\/uploads\/2024\/11\/Sjaumst_skor1-2048x1641.jpg 2048w\" sizes=\"auto, (max-width: 600px) 100vw, 600px\" \/><\/a><\/div>\t<\/div>\n<\/div>\n\n\t<div class=\"summary entry-summary\">\n\t\t<h1 class=\"product_title entry-title\">Fj\u00f6lnota lj\u00f3s \u00ed \u00fativist<\/h1><p class=\"price\"><span class=\"woocommerce-Price-amount amount\"><bdi>2.900&nbsp;<span class=\"woocommerce-Price-currencySymbol\">kr.<\/span><\/bdi><\/span><\/p>\n<p class=\"stock in-stock\">223 in stock<\/p>\n\n\t\n\t<form class=\"cart\" action=\"\" method=\"post\" enctype='multipart\/form-data'>\n\t\t\n\t\t<div class=\"quantity\">\n\t\t<label class=\"screen-reader-text\" for=\"quantity_69d5fba2d45ad\">Fj\u00f6lnota lj\u00f3s \u00ed \u00fativist quantity<\/label>\n\t<input\n\t\ttype=\"number\"\n\t\t\t\tid=\"quantity_69d5fba2d45ad\"\n\t\tclass=\"input-text qty text\"\n\t\tname=\"quantity\"\n\t\tvalue=\"1\"\n\t\taria-label=\"Product quantity\"\n\t\t\t\tmin=\"1\"\n\t\t\t\t\tmax=\"223\"\n\t\t\t\t\t\t\tstep=\"1\"\n\t\t\tplaceholder=\"\"\n\t\t\tinputmode=\"numeric\"\n\t\t\tautocomplete=\"off\"\n\t\t\t\/>\n\t<\/div>\n\n\t\t<button type=\"submit\" name=\"add-to-cart\" value=\"24\" class=\"single_add_to_cart_button button alt\">Add to cart<\/button>\n\n\t\t\t<\/form>\n\n\t\n<div class=\"product_meta\">\n\n\t\n\t\n\t<span class=\"posted_in\">Category: <a href=\"https:\/\/hallorokland.com\/?product_cat=utivist\" rel=\"tag\">\u00dativist<\/a><\/span>\n\t\n\t\n<\/div>\n\t<\/div>\n\n\t\n\t<div class=\"woocommerce-tabs wc-tabs-wrapper\">\n\t\t\n\t\t<ul class=\"tabs wc-tabs\" role=\"tablist\" style=\"display: none\">\n\t\t\t\t\t\t\t<li class=\"description_tab\" id=\"tab-title-description\" role=\"tab\" aria-controls=\"tab-description\">\n\t\t\t\t\t<a href=\"#tab-description\">\n\t\t\t\t\t\tDescription\t\t\t\t\t<\/a>\n\t\t\t\t<\/li>\n\t\t\t\t\t<\/ul>\n\n\t\t\t\t\t<div class=\"woocommerce-Tabs-panel woocommerce-Tabs-panel--description panel entry-content wc-tab\" id=\"tab-description\" role=\"tabpanel\" aria-labelledby=\"tab-title-description\">\n\t\t\t\t\n\n\t<!-- <h2>Description<\/h2> -->\n\n<h1>Verum s\u00fdnileg \u00ed myrkrinu<\/h1>\r\n<strong>Sj\u00e1umst! lj\u00f3s<\/strong> eru fj\u00f6lnota lj\u00f3s \u00ed \u00fativist. Lj\u00f3si\u00f0 er rautt me\u00f0 g\u00f3\u00f0um styrkleika sem \u00a0eykur s\u00fdnileika okkar \u00fati \u00feegar fari\u00f0 er a\u00f0 dimma.\r\n<h5><\/h5>\r\n<img loading=\"lazy\" decoding=\"async\" class=\"aligncenter wp-image-82 size-large\" src=\"https:\/\/wp.hallorokland.com\/wp-content\/uploads\/2024\/12\/Screenshot-2024-12-02-at-13.52.37-1024x231.png\" alt=\"\" width=\"676\" height=\"152\" srcset=\"https:\/\/hallorokland.com\/wp-content\/uploads\/2024\/12\/Screenshot-2024-12-02-at-13.52.37-1024x231.png 1024w, https:\/\/hallorokland.com\/wp-content\/uploads\/2024\/12\/Screenshot-2024-12-02-at-13.52.37-300x68.png 300w, https:\/\/hallorokland.com\/wp-content\/uploads\/2024\/12\/Screenshot-2024-12-02-at-13.52.37-768x174.png 768w, https:\/\/hallorokland.com\/wp-content\/uploads\/2024\/12\/Screenshot-2024-12-02-at-13.52.37-676x153.png 676w, https:\/\/hallorokland.com\/wp-content\/uploads\/2024\/12\/Screenshot-2024-12-02-at-13.52.37-600x136.png 600w, https:\/\/hallorokland.com\/wp-content\/uploads\/2024\/12\/Screenshot-2024-12-02-at-13.52.37.png 1323w\" sizes=\"auto, (max-width: 676px) 100vw, 676px\" \/>\r\n<h5><\/h5>\r\nHenta \u00ed alls konar hreyfingu, t.a.m. \u00feegar vi\u00f0 erum \u00fati a\u00f0 ganga, hlaupa, hj\u00f3la, leika, \u00e1 hj\u00f3labrettinu, \u00e1 hestbaki, \u00ed fjallg\u00f6ngu. Henta fullor\u00f0num jafnt sem b\u00f6rnum.\r\n<h5><\/h5>\r\n\u00cd myndbrotinu h\u00e9r a\u00f0 ne\u00f0an m\u00e1 sj\u00e1 mun \u00e1 s\u00fdnileika me\u00f0 og \u00e1n lj\u00f3sa.\r\n<h5><\/h5>\r\n<div style=\"width: 676px;\" class=\"wp-video\"><video class=\"wp-video-shortcode\" id=\"video-24-2\" width=\"676\" height=\"380\" preload=\"metadata\" controls=\"controls\"><source type=\"video\/mp4\" src=\"https:\/\/wp.hallorokland.com\/wp-content\/uploads\/2024\/11\/sjaumst.mp4?_=2\" \/><a href=\"https:\/\/wp.hallorokland.com\/wp-content\/uploads\/2024\/11\/sjaumst.mp4\">https:\/\/wp.hallorokland.com\/wp-content\/uploads\/2024\/11\/sjaumst.mp4<\/a><\/video><\/div>\r\n<h5><\/h5>\r\nLj\u00f3sin eru U-laga og h\u00e6gt er a\u00f0 klemma \u00feau b\u00e6\u00f0i aftan \u00e1 sk\u00f3na e\u00f0a utan um \u00falnli\u00f0 e\u00f0a \u00fear sem passar \u00fe\u00e9r.\r\n<ul>\r\n \t<li>Passa \u00e1 flesta sk\u00f3 sem eru me\u00f0 breiddarbil h\u00e6ls 6-8,5 cm<\/li>\r\n \t<li>\u00deola blaut ve\u00f0ur vel<\/li>\r\n \t<li>Tv\u00e6r lj\u00f3sastillingar, st\u00f6\u00f0ug e\u00f0a blikkandi<\/li>\r\n \t<li>Lj\u00f3sin innihalda tv\u00e6r CR2032 rafhl\u00f6\u00f0ur. \u00de\u00e6r duga misvel en h\u00e6gt er a\u00f0 skipta um rafhl\u00f6\u00f0u og g\u00f3\u00f0ar rafhl\u00f6\u00f0ur duga \u00ed allt a\u00f0 100 klst.<\/li>\r\n<\/ul>\r\n<h5><\/h5>\r\n&nbsp;\r\n\r\n<img loading=\"lazy\" decoding=\"async\" class=\"aligncenter wp-image-81 size-large\" src=\"https:\/\/wp.hallorokland.com\/wp-content\/uploads\/2024\/12\/Screenshot-2024-12-02-at-13.53.01-1024x444.png\" alt=\"\" width=\"676\" height=\"293\" srcset=\"https:\/\/hallorokland.com\/wp-content\/uploads\/2024\/12\/Screenshot-2024-12-02-at-13.53.01-1024x444.png 1024w, https:\/\/hallorokland.com\/wp-content\/uploads\/2024\/12\/Screenshot-2024-12-02-at-13.53.01-300x130.png 300w, https:\/\/hallorokland.com\/wp-content\/uploads\/2024\/12\/Screenshot-2024-12-02-at-13.53.01-768x333.png 768w, https:\/\/hallorokland.com\/wp-content\/uploads\/2024\/12\/Screenshot-2024-12-02-at-13.53.01-1536x665.png 1536w, https:\/\/hallorokland.com\/wp-content\/uploads\/2024\/12\/Screenshot-2024-12-02-at-13.53.01-676x293.png 676w, https:\/\/hallorokland.com\/wp-content\/uploads\/2024\/12\/Screenshot-2024-12-02-at-13.53.01-600x260.png 600w, https:\/\/hallorokland.com\/wp-content\/uploads\/2024\/12\/Screenshot-2024-12-02-at-13.53.01.png 1660w\" sizes=\"auto, (max-width: 676px) 100vw, 676px\" \/>\r\n<h5><\/h5>\r\nH\u00e6gt er a\u00f0 kaupa lj\u00f3sin h\u00e9r \u00ed vefverslun okkar, ver\u00f0 \u00e1 lj\u00f3si er 2.900 kr. og sendingarkostna\u00f0ur leggst ofan \u00e1 v\u00f6ruver\u00f0. Varan er send me\u00f0 Dropp og viljum vi\u00f0 vekja athygli \u00e1 \u00fev\u00ed a\u00f0 \u00fea\u00f0 er eitt og sama sendingargjald hvort sem keypt er eitt stykki e\u00f0a fleiri \u00e1 sama t\u00edma.\r\n<h5><\/h5>\r\n&nbsp;\r\n\r\n\n\t\t<style type=\"text\/css\">\n\t\t\t#gallery-2 {\n\t\t\t\tmargin: auto;\n\t\t\t}\n\t\t\t#gallery-2 .gallery-item {\n\t\t\t\tfloat: left;\n\t\t\t\tmargin-top: 10px;\n\t\t\t\ttext-align: center;\n\t\t\t\twidth: 33%;\n\t\t\t}\n\t\t\t#gallery-2 img {\n\t\t\t\tborder: 2px solid #cfcfcf;\n\t\t\t}\n\t\t\t#gallery-2 .gallery-caption {\n\t\t\t\tmargin-left: 0;\n\t\t\t}\n\t\t\t\/* see gallery_shortcode() in wp-includes\/media.php *\/\n\t\t<\/style>\n\t\t<div id='gallery-2' class='gallery galleryid-24 gallery-columns-3 gallery-size-thumbnail'><dl class='gallery-item'>\n\t\t\t<dt class='gallery-icon landscape'>\n\t\t\t\t<a href='https:\/\/hallorokland.com\/?attachment_id=30'><img loading=\"lazy\" decoding=\"async\" width=\"150\" height=\"150\" src=\"https:\/\/hallorokland.com\/wp-content\/uploads\/2024\/12\/image-5-150x150.jpeg\" class=\"attachment-thumbnail size-thumbnail\" alt=\"\" srcset=\"https:\/\/hallorokland.com\/wp-content\/uploads\/2024\/12\/image-5-150x150.jpeg 150w, https:\/\/hallorokland.com\/wp-content\/uploads\/2024\/12\/image-5-300x300.jpeg 300w, https:\/\/hallorokland.com\/wp-content\/uploads\/2024\/12\/image-5-600x600.jpeg 600w, https:\/\/hallorokland.com\/wp-content\/uploads\/2024\/12\/image-5-100x100.jpeg 100w, https:\/\/hallorokland.com\/wp-content\/uploads\/2024\/12\/image-5.jpeg 666w\" sizes=\"auto, (max-width: 150px) 100vw, 150px\" \/><\/a>\n\t\t\t<\/dt><\/dl><dl class='gallery-item'>\n\t\t\t<dt class='gallery-icon landscape'>\n\t\t\t\t<a href='https:\/\/hallorokland.com\/?attachment_id=29'><img loading=\"lazy\" decoding=\"async\" width=\"150\" height=\"150\" src=\"https:\/\/hallorokland.com\/wp-content\/uploads\/2024\/12\/image-4-150x150.jpeg\" class=\"attachment-thumbnail size-thumbnail\" alt=\"\" srcset=\"https:\/\/hallorokland.com\/wp-content\/uploads\/2024\/12\/image-4-150x150.jpeg 150w, https:\/\/hallorokland.com\/wp-content\/uploads\/2024\/12\/image-4-300x300.jpeg 300w, https:\/\/hallorokland.com\/wp-content\/uploads\/2024\/12\/image-4-1024x1024.jpeg 1024w, https:\/\/hallorokland.com\/wp-content\/uploads\/2024\/12\/image-4-768x768.jpeg 768w, https:\/\/hallorokland.com\/wp-content\/uploads\/2024\/12\/image-4-676x676.jpeg 676w, https:\/\/hallorokland.com\/wp-content\/uploads\/2024\/12\/image-4-600x600.jpeg 600w, https:\/\/hallorokland.com\/wp-content\/uploads\/2024\/12\/image-4-100x100.jpeg 100w, https:\/\/hallorokland.com\/wp-content\/uploads\/2024\/12\/image-4.jpeg 1125w\" sizes=\"auto, (max-width: 150px) 100vw, 150px\" \/><\/a>\n\t\t\t<\/dt><\/dl><dl class='gallery-item'>\n\t\t\t<dt class='gallery-icon landscape'>\n\t\t\t\t<a href='https:\/\/hallorokland.com\/?attachment_id=28'><img loading=\"lazy\" decoding=\"async\" width=\"150\" height=\"150\" src=\"https:\/\/hallorokland.com\/wp-content\/uploads\/2024\/12\/image-3-150x150.jpeg\" class=\"attachment-thumbnail size-thumbnail\" alt=\"\" srcset=\"https:\/\/hallorokland.com\/wp-content\/uploads\/2024\/12\/image-3-150x150.jpeg 150w, https:\/\/hallorokland.com\/wp-content\/uploads\/2024\/12\/image-3-300x300.jpeg 300w, https:\/\/hallorokland.com\/wp-content\/uploads\/2024\/12\/image-3-1024x1024.jpeg 1024w, https:\/\/hallorokland.com\/wp-content\/uploads\/2024\/12\/image-3-768x768.jpeg 768w, https:\/\/hallorokland.com\/wp-content\/uploads\/2024\/12\/image-3-676x676.jpeg 676w, https:\/\/hallorokland.com\/wp-content\/uploads\/2024\/12\/image-3-600x600.jpeg 600w, https:\/\/hallorokland.com\/wp-content\/uploads\/2024\/12\/image-3-100x100.jpeg 100w, https:\/\/hallorokland.com\/wp-content\/uploads\/2024\/12\/image-3.jpeg 1454w\" sizes=\"auto, (max-width: 150px) 100vw, 150px\" \/><\/a>\n\t\t\t<\/dt><\/dl><br style=\"clear: both\" \/><dl class='gallery-item'>\n\t\t\t<dt class='gallery-icon landscape'>\n\t\t\t\t<a href='https:\/\/hallorokland.com\/?attachment_id=27'><img loading=\"lazy\" decoding=\"async\" width=\"150\" height=\"150\" src=\"https:\/\/hallorokland.com\/wp-content\/uploads\/2024\/12\/image-2-150x150.jpeg\" class=\"attachment-thumbnail size-thumbnail\" alt=\"\" srcset=\"https:\/\/hallorokland.com\/wp-content\/uploads\/2024\/12\/image-2-150x150.jpeg 150w, https:\/\/hallorokland.com\/wp-content\/uploads\/2024\/12\/image-2-300x300.jpeg 300w, https:\/\/hallorokland.com\/wp-content\/uploads\/2024\/12\/image-2-1024x1024.jpeg 1024w, https:\/\/hallorokland.com\/wp-content\/uploads\/2024\/12\/image-2-768x768.jpeg 768w, https:\/\/hallorokland.com\/wp-content\/uploads\/2024\/12\/image-2-676x676.jpeg 676w, https:\/\/hallorokland.com\/wp-content\/uploads\/2024\/12\/image-2-600x600.jpeg 600w, https:\/\/hallorokland.com\/wp-content\/uploads\/2024\/12\/image-2-100x100.jpeg 100w, https:\/\/hallorokland.com\/wp-content\/uploads\/2024\/12\/image-2.jpeg 1071w\" sizes=\"auto, (max-width: 150px) 100vw, 150px\" \/><\/a>\n\t\t\t<\/dt><\/dl><dl class='gallery-item'>\n\t\t\t<dt class='gallery-icon landscape'>\n\t\t\t\t<a href='https:\/\/hallorokland.com\/?attachment_id=26'><img loading=\"lazy\" decoding=\"async\" width=\"150\" height=\"150\" src=\"https:\/\/hallorokland.com\/wp-content\/uploads\/2024\/12\/image-1-150x150.jpeg\" class=\"attachment-thumbnail size-thumbnail\" alt=\"\" srcset=\"https:\/\/hallorokland.com\/wp-content\/uploads\/2024\/12\/image-1-150x150.jpeg 150w, https:\/\/hallorokland.com\/wp-content\/uploads\/2024\/12\/image-1-300x300.jpeg 300w, https:\/\/hallorokland.com\/wp-content\/uploads\/2024\/12\/image-1-1024x1024.jpeg 1024w, https:\/\/hallorokland.com\/wp-content\/uploads\/2024\/12\/image-1-768x768.jpeg 768w, https:\/\/hallorokland.com\/wp-content\/uploads\/2024\/12\/image-1-676x676.jpeg 676w, https:\/\/hallorokland.com\/wp-content\/uploads\/2024\/12\/image-1-600x600.jpeg 600w, https:\/\/hallorokland.com\/wp-content\/uploads\/2024\/12\/image-1-100x100.jpeg 100w, https:\/\/hallorokland.com\/wp-content\/uploads\/2024\/12\/image-1.jpeg 1070w\" sizes=\"auto, (max-width: 150px) 100vw, 150px\" \/><\/a>\n\t\t\t<\/dt><\/dl><dl class='gallery-item'>\n\t\t\t<dt class='gallery-icon landscape'>\n\t\t\t\t<a href='https:\/\/hallorokland.com\/?attachment_id=25'><img loading=\"lazy\" decoding=\"async\" width=\"150\" height=\"150\" src=\"https:\/\/hallorokland.com\/wp-content\/uploads\/2024\/12\/image-150x150.jpeg\" class=\"attachment-thumbnail size-thumbnail\" alt=\"\" srcset=\"https:\/\/hallorokland.com\/wp-content\/uploads\/2024\/12\/image-150x150.jpeg 150w, https:\/\/hallorokland.com\/wp-content\/uploads\/2024\/12\/image-300x300.jpeg 300w, https:\/\/hallorokland.com\/wp-content\/uploads\/2024\/12\/image-1024x1024.jpeg 1024w, https:\/\/hallorokland.com\/wp-content\/uploads\/2024\/12\/image-768x768.jpeg 768w, https:\/\/hallorokland.com\/wp-content\/uploads\/2024\/12\/image-676x676.jpeg 676w, https:\/\/hallorokland.com\/wp-content\/uploads\/2024\/12\/image-600x600.jpeg 600w, https:\/\/hallorokland.com\/wp-content\/uploads\/2024\/12\/image-100x100.jpeg 100w, https:\/\/hallorokland.com\/wp-content\/uploads\/2024\/12\/image.jpeg 1324w\" sizes=\"auto, (max-width: 150px) 100vw, 150px\" \/><\/a>\n\t\t\t<\/dt><\/dl><br style=\"clear: both\" \/>\n\t\t<\/div>\n\r\n\r\n&nbsp;\t\t\t<\/div>\n\t\t\n\t\t\t<\/div>\n\n<\/div>\n\n\t\t\t<\/div>\n\t\t\t<\/div>\n\n\n\n<p><\/p>\n","protected":false},"excerpt":{"rendered":"","protected":false},"author":1,"featured_media":0,"parent":0,"menu_order":1,"comment_status":"closed","ping_status":"closed","template":"","meta":{"footnotes":""},"class_list":["post-2","page","type-page","status-publish","hentry","post-preview"],"_links":{"self":[{"href":"https:\/\/hallorokland.com\/index.php?rest_route=\/wp\/v2\/pages\/2","targetHints":{"allow":["GET"]}}],"collection":[{"href":"https:\/\/hallorokland.com\/index.php?rest_route=\/wp\/v2\/pages"}],"about":[{"href":"https:\/\/hallorokland.com\/index.php?rest_route=\/wp\/v2\/types\/page"}],"author":[{"embeddable":true,"href":"https:\/\/hallorokland.com\/index.php?rest_route=\/wp\/v2\/users\/1"}],"replies":[{"embeddable":true,"href":"https:\/\/hallorokland.com\/index.php?rest_route=%2Fwp%2Fv2%2Fcomments&post=2"}],"version-history":[{"count":3,"href":"https:\/\/hallorokland.com\/index.php?rest_route=\/wp\/v2\/pages\/2\/revisions"}],"predecessor-version":[{"id":100,"href":"https:\/\/hallorokland.com\/index.php?rest_route=\/wp\/v2\/pages\/2\/revisions\/100"}],"wp:attachment":[{"href":"https:\/\/hallorokland.com\/index.php?rest_route=%2Fwp%2Fv2%2Fmedia&parent=2"}],"curies":[{"name":"wp","href":"https:\/\/api.w.org\/{rel}","templated":true}]}}